{"id":614,"date":"2021-11-25T12:54:41","date_gmt":"2021-11-25T15:54:41","guid":{"rendered":"https:\/\/web-pyme.cl\/mandalas\/?post_type=product&#038;p=614"},"modified":"2022-05-16T13:38:10","modified_gmt":"2022-05-16T17:38:10","slug":"herrerasaurus","status":"publish","type":"product","link":"https:\/\/web-pyme.cl\/mandalas\/producto\/herrerasaurus\/","title":{"rendered":"Herrerasaurus"},"content":{"rendered":"<p>En comparaci\u00f3n con el giganotosaurus y con el spinosaurus, el herrerasaurus, que vivi\u00f3 mucho despu\u00e9s, era m\u00e1s bien peque\u00f1o. S\u00f3lo med\u00eda tres o cuatro metros. En cambio sus patas eran muy poderosas y pod\u00eda correr distancias cortas como un corredor de 100 metros actual. Para ser un dinosaurio, el herrerasaurus ten\u00eda una mand\u00edbula inferior bastante extra\u00f1a que, gracias a una articulaci\u00f3n, pod\u00eda mover hacia delante y hacia atr\u00e1s. De esta forma pod\u00eda agarrar mejor a sus presas. Lleva el nombre en honor al pastor de cabras argentino Victorino Herrera, que en 1959 descubri\u00f3 casualmente su esqueleto.<\/p>\n<h3>Dato divertido<\/h3>\n<p>El herrerasaurus pod\u00eda encoger las garras delanteras como un p\u00e1jaro.<\/p>\n<h3>Hechos cient\u00edficos<\/h3>\n<p>Nombre cient\u00edfico: Herrerasaurus<br \/>\nEstado de conservaci\u00f3n: Extinto<\/p>\n<p><strong>Advertencia! Las piezas peque\u00f1as pueden ser ingeridas. Peligro de asfixia. Conserve las indicaciones.<\/strong><\/p>\n","protected":false},"excerpt":{"rendered":"<p>El herrerasaurus fue uno de los primeros lagartos prehist\u00f3ricos en conquistar la Tierra, hace 220 millones de a\u00f1os. Era un peligroso cazador, que se desplazaba sobre dos patas y que ten\u00eda afilados y serrados dientes.<\/p>\n","protected":false},"featured_media":617,"comment_status":"open","ping_status":"closed","template":"","meta":{"_kad_post_transparent":"default","_kad_post_title":"","_kad_post_layout":"default","_kad_post_sidebar_id":"","_kad_post_content_style":"default","_kad_post_vertical_padding":"default","_kad_post_feature":"","_kad_post_feature_position":"","_kad_post_header":false,"_kad_post_footer":false},"location":[],"product_cat":[40],"product_tag":[],"class_list":["post-614","product","type-product","status-publish","has-post-thumbnail","hentry","pwb-brand-schleich","product_cat-dinosaurios","pa_edad-recomendada-de-4-a-12-anos","entry","content-bg","loop-entry"],"acf":[],"brands":[{"id":36,"name":"Schleich","slug":"schleich"}],"locations":[],"_links":{"self":[{"href":"https:\/\/web-pyme.cl\/mandalas\/wp-json\/wp\/v2\/product\/614","targetHints":{"allow":["GET"]}}],"collection":[{"href":"https:\/\/web-pyme.cl\/mandalas\/wp-json\/wp\/v2\/product"}],"about":[{"href":"https:\/\/web-pyme.cl\/mandalas\/wp-json\/wp\/v2\/types\/product"}],"replies":[{"embeddable":true,"href":"https:\/\/web-pyme.cl\/mandalas\/wp-json\/wp\/v2\/comments?post=614"}],"wp:featuredmedia":[{"embeddable":true,"href":"https:\/\/web-pyme.cl\/mandalas\/wp-json\/wp\/v2\/media\/617"}],"wp:attachment":[{"href":"https:\/\/web-pyme.cl\/mandalas\/wp-json\/wp\/v2\/media?parent=614"}],"wp:term":[{"taxonomy":"location","embeddable":true,"href":"https:\/\/web-pyme.cl\/mandalas\/wp-json\/wp\/v2\/location?post=614"},{"taxonomy":"product_cat","embeddable":true,"href":"https:\/\/web-pyme.cl\/mandalas\/wp-json\/wp\/v2\/product_cat?post=614"},{"taxonomy":"product_tag","embeddable":true,"href":"https:\/\/web-pyme.cl\/mandalas\/wp-json\/wp\/v2\/product_tag?post=614"}],"curies":[{"name":"wp","href":"https:\/\/api.w.org\/{rel}","templated":true}]}}