{"id":570,"date":"2021-11-25T12:33:36","date_gmt":"2021-11-25T15:33:36","guid":{"rendered":"https:\/\/web-pyme.cl\/mandalas\/?post_type=product&#038;p=570"},"modified":"2024-03-27T11:00:38","modified_gmt":"2024-03-27T14:00:38","slug":"ataque-de-tyrannosaurus-rex","status":"publish","type":"product","link":"https:\/\/web-pyme.cl\/mandalas\/producto\/ataque-de-tyrannosaurus-rex\/","title":{"rendered":"Ataque de Tyrannosaurus rex"},"content":{"rendered":"<p>\u00bfLograr\u00e1 salvar Flynn al peque\u00f1o estegosaurio Steggy de las garras del peligroso tiranosaurio rex? Con la lanza especial, pueden dominarse r\u00e1pidamente los dinosaurios m\u00e1s salvajes. Descubre el universo Schleich\u00ae Dinosaurs al completo y la emocionante aventura de los hermanos Colby en www.schleich-dinosaurs.com<\/p>\n<h3>Dato divertido<\/h3>\n<p>A Steggy le encanta que Flynn lo acaricie.<br \/>\nManual de construcci\u00f3n<br \/>\nDescargar instrucciones de construcci\u00f3n (3.73 MB)<\/p>\n<ul>\n<li>Las figuras de Schleich\u00ae est\u00e1n modeladas al detalle y son juguetes con un gran valor educativo.<\/li>\n<li>El art\u00edculo pertenece al universo tem\u00e1tico DINOSAURS y es apto para ni\u00f1os de entre 4 y 10 a\u00f1os<\/li>\n<li>El set consta del paleont\u00f3logo Flyn, de 2 dinosaurios y de fant\u00e1sticos accesorios.<\/li>\n<\/ul>\n<h3>Contenido<\/h3>\n<p>1 Tiranosaurio Rex, 1 paleont\u00f3logo Flyn, 1 arma de asta, 1 peque\u00f1o estegosaurio<\/p>\n<p><strong>Advertencia! Las piezas peque\u00f1as pueden ser ingeridas. Peligro de asfixia.<\/strong><\/p>\n","protected":false},"excerpt":{"rendered":"<p>El set de juego \u00abEl ataque del tiranosaurio rex\u00bb, de Schleich\u00ae Dinosaurs, es el complemento ideal para la gran estaci\u00f3n de investigaci\u00f3n de dinosaurios (Ref.: 41462).<\/p>\n","protected":false},"featured_media":581,"comment_status":"open","ping_status":"closed","template":"","meta":{"_kad_post_transparent":"default","_kad_post_title":"","_kad_post_layout":"default","_kad_post_sidebar_id":"","_kad_post_content_style":"default","_kad_post_vertical_padding":"default","_kad_post_feature":"","_kad_post_feature_position":"","_kad_post_header":false,"_kad_post_footer":false},"location":[],"product_cat":[40],"product_tag":[],"class_list":["post-570","product","type-product","status-publish","has-post-thumbnail","hentry","pwb-brand-schleich","product_cat-dinosaurios","pa_edad-recomendada-de-4-a-12-anos","entry","content-bg","loop-entry"],"acf":[],"brands":[{"id":36,"name":"Schleich","slug":"schleich"}],"locations":[],"_links":{"self":[{"href":"https:\/\/web-pyme.cl\/mandalas\/wp-json\/wp\/v2\/product\/570","targetHints":{"allow":["GET"]}}],"collection":[{"href":"https:\/\/web-pyme.cl\/mandalas\/wp-json\/wp\/v2\/product"}],"about":[{"href":"https:\/\/web-pyme.cl\/mandalas\/wp-json\/wp\/v2\/types\/product"}],"replies":[{"embeddable":true,"href":"https:\/\/web-pyme.cl\/mandalas\/wp-json\/wp\/v2\/comments?post=570"}],"wp:featuredmedia":[{"embeddable":true,"href":"https:\/\/web-pyme.cl\/mandalas\/wp-json\/wp\/v2\/media\/581"}],"wp:attachment":[{"href":"https:\/\/web-pyme.cl\/mandalas\/wp-json\/wp\/v2\/media?parent=570"}],"wp:term":[{"taxonomy":"location","embeddable":true,"href":"https:\/\/web-pyme.cl\/mandalas\/wp-json\/wp\/v2\/location?post=570"},{"taxonomy":"product_cat","embeddable":true,"href":"https:\/\/web-pyme.cl\/mandalas\/wp-json\/wp\/v2\/product_cat?post=570"},{"taxonomy":"product_tag","embeddable":true,"href":"https:\/\/web-pyme.cl\/mandalas\/wp-json\/wp\/v2\/product_tag?post=570"}],"curies":[{"name":"wp","href":"https:\/\/api.w.org\/{rel}","templated":true}]}}