{"id":493,"date":"2021-11-24T20:19:37","date_gmt":"2021-11-24T23:19:37","guid":{"rendered":"https:\/\/web-pyme.cl\/mandalas\/?post_type=product&#038;p=493"},"modified":"2024-01-09T09:27:04","modified_gmt":"2024-01-09T12:27:04","slug":"cocodrilo","status":"publish","type":"product","link":"https:\/\/web-pyme.cl\/mandalas\/producto\/cocodrilo\/","title":{"rendered":"Cocodrilo"},"content":{"rendered":"<p>El cocodrilo marino es el m\u00e1s peligroso de todos los cocodrilos. Tambi\u00e9n ostenta el r\u00e9cord al cocodrilo m\u00e1s grande: puede llegar a pesar hasta una tonelada, es decir, lo mismo que un utilitario. Mientras que la mayor\u00eda de los cocodrilos vive en r\u00edos y lagos, el cocodrilo marino es el \u00fanico que puede sobrevivir tanto en agua dulce como en el agua salada de los mares. Junto con el cocodrilo marino hay muchos otros tipos de cocodrilo, en total 25. Por poner algunos ejemplos, tenemos el cocodrilo del Nilo, el cocodrilo hociquifino africano, los caimanes y los yacar\u00e9s.<\/p>\n<h3>Dato divertido<\/h3>\n<p>El mayor cocodrilo del mundo es el cocodrilo marino.<\/p>\n<h3>Hechos cient\u00edficos<\/h3>\n<p>Nombre cient\u00edfico: Crocodylia<br \/>\nOrigen global: \u00c1frica, Asia, Am\u00e9rica Central<br \/>\nEstado de conservaci\u00f3n: Preocupaci\u00f3n<br \/>\nH\u00e1bitat principal: R\u00edos permanentes, pantanos<\/p>\n<p>&nbsp;<\/p>\n<p><strong>Advertencia! Las piezas peque\u00f1as pueden ser ingeridas. Peligro de asfixia. Conserve las indicaciones.<\/strong><\/p>\n","protected":false},"excerpt":{"rendered":"<p>Los cocodrilos son los mayores reptiles del mundo y, aunque parezca sorprendente, son los parientes vivos m\u00e1s cercanos de las aves. Ambos descienden de los arcosaurios.<\/p>\n","protected":false},"featured_media":495,"comment_status":"open","ping_status":"closed","template":"","meta":{"_kad_post_transparent":"default","_kad_post_title":"","_kad_post_layout":"default","_kad_post_sidebar_id":"","_kad_post_content_style":"default","_kad_post_vertical_padding":"default","_kad_post_feature":"","_kad_post_feature_position":"","_kad_post_header":false,"_kad_post_footer":false},"location":[],"product_cat":[38],"product_tag":[],"class_list":["post-493","product","type-product","status-publish","has-post-thumbnail","hentry","pwb-brand-schleich","product_cat-vida-salvaje","pa_edad-recomendada-de-3-a-8-anos","entry","content-bg","loop-entry"],"acf":[],"brands":[{"id":36,"name":"Schleich","slug":"schleich"}],"locations":[],"_links":{"self":[{"href":"https:\/\/web-pyme.cl\/mandalas\/wp-json\/wp\/v2\/product\/493","targetHints":{"allow":["GET"]}}],"collection":[{"href":"https:\/\/web-pyme.cl\/mandalas\/wp-json\/wp\/v2\/product"}],"about":[{"href":"https:\/\/web-pyme.cl\/mandalas\/wp-json\/wp\/v2\/types\/product"}],"replies":[{"embeddable":true,"href":"https:\/\/web-pyme.cl\/mandalas\/wp-json\/wp\/v2\/comments?post=493"}],"wp:featuredmedia":[{"embeddable":true,"href":"https:\/\/web-pyme.cl\/mandalas\/wp-json\/wp\/v2\/media\/495"}],"wp:attachment":[{"href":"https:\/\/web-pyme.cl\/mandalas\/wp-json\/wp\/v2\/media?parent=493"}],"wp:term":[{"taxonomy":"location","embeddable":true,"href":"https:\/\/web-pyme.cl\/mandalas\/wp-json\/wp\/v2\/location?post=493"},{"taxonomy":"product_cat","embeddable":true,"href":"https:\/\/web-pyme.cl\/mandalas\/wp-json\/wp\/v2\/product_cat?post=493"},{"taxonomy":"product_tag","embeddable":true,"href":"https:\/\/web-pyme.cl\/mandalas\/wp-json\/wp\/v2\/product_tag?post=493"}],"curies":[{"name":"wp","href":"https:\/\/api.w.org\/{rel}","templated":true}]}}