{"id":356,"date":"2021-11-24T17:00:24","date_gmt":"2021-11-24T20:00:24","guid":{"rendered":"https:\/\/web-pyme.cl\/mandalas\/?post_type=product&#038;p=356"},"modified":"2022-05-16T13:38:11","modified_gmt":"2022-05-16T17:38:11","slug":"estacion-de-investigacion-de-dinosaurios-grande","status":"publish","type":"product","link":"https:\/\/web-pyme.cl\/mandalas\/producto\/estacion-de-investigacion-de-dinosaurios-grande\/","title":{"rendered":"Estaci\u00f3n de investigaci\u00f3n de dinosaurios grande"},"content":{"rendered":"<p>EL EQUIPO DINO, conformado por los tres hermanos MAXX, LUIS y FLYNN, se pone manos a la obra para tratar de descubrir secretos sobre los dinosaurios. MAXX, el l\u00edder, tiene much\u00edsimo que hacer en la estaci\u00f3n de investigaci\u00f3n de dinosaurios de Schleich\u00ae. Adem\u00e1s del centro de control, esta estaci\u00f3n dispone de una plataforma de vigilancia con ca\u00f1\u00f3n basculante con flecha sedante y una gr\u00faa. En la parte de abajo, cuenta con una habitaci\u00f3n de cuarentena para los dinosaurios reci\u00e9n capturados. En esta habitaci\u00f3n, se les realizan los primeros reconocimientos y se les libera despu\u00e9s a trav\u00e9s de las trampillas. \u00a1Oh, no! \u00a1El velocirr\u00e1ptor se ha escapado! \u00bfPodr\u00e1 MAXX capturarlo de nuevo con la ayuda de su lanza especial? El set de juego cuenta con un mont\u00f3n de accesorios y 2 dinosaurios pintados con colores geniales. Descubre el universo Schleich\u00ae Dinosaurs al completo y la emocionante aventura de los hermanos Colby en www.schleich-dinosaurs.com<br \/>\nDato divertido<\/p>\n<p>En la gr\u00faa se podr\u00e1 colgar un cebo de carne con el que atraer a los dinosaurios.<br \/>\nManual de construcci\u00f3n<br \/>\nDescargar instrucciones de construcci\u00f3n (18 MB)<\/p>\n<ul>\n<li>Las figuras de Schleich\u00ae est\u00e1n modeladas al detalle y son juguetes con un gran valor educativo.<\/li>\n<li>El art\u00edculo pertenece al universo tem\u00e1tico DINOSAURS y es apto para ni\u00f1os de entre 4 y 10 a\u00f1os<\/li>\n<li>El set consta del paleont\u00f3logo Max, de 2 dinosaurios y de fant\u00e1sticos accesorios.<\/li>\n<li>Con un gran braquiosaurio<\/li>\n<\/ul>\n<h3>Contenido<\/h3>\n<p>1 velocirr\u00e1ptor, 1 braquiosaurio, 1 paleont\u00f3logo Max, 1 edificio, 1 consola, 5 vallas, 1 puerta de entrada, 2 escaleras, 1 ca\u00f1\u00f3n de aturdimiento, 4 proyectiles, 1 gr\u00faa con torno de cable, 1 arma de asta, 1 red, 1 portaproyectiles, 1 sat\u00e9lite, 1 c\u00e1mara de<\/p>\n<p><strong>Advertencia! Las piezas peque\u00f1as pueden ser ingeridas. Peligro de asfixia. No apuntar a los ojos ni a la cara. No utilizar proyectiles distintos de los suministrados o recomendados por el fabricante. Conserve las indicaciones.<\/strong><\/p>\n","protected":false},"excerpt":{"rendered":"<p>La gran estaci\u00f3n de investigaci\u00f3n de dinosaurios de Schleich\u00ae ofrece aventura y diversi\u00f3n sin l\u00edmites. Oculta en lo m\u00e1s profundo de la selva amaz\u00f3nica, se halla una estaci\u00f3n que ofrece todo lo necesario para investigar a los \u00faltimos dinosaurios vivos.<\/p>\n","protected":false},"featured_media":380,"comment_status":"open","ping_status":"closed","template":"","meta":{"_kad_post_transparent":"default","_kad_post_title":"","_kad_post_layout":"default","_kad_post_sidebar_id":"","_kad_post_content_style":"default","_kad_post_vertical_padding":"default","_kad_post_feature":"","_kad_post_feature_position":"","_kad_post_header":false,"_kad_post_footer":false},"location":[],"product_cat":[40],"product_tag":[],"class_list":["post-356","product","type-product","status-publish","has-post-thumbnail","hentry","pwb-brand-schleich","product_cat-dinosaurios","pa_edad-recomendada-de-4-a-12-anos","entry","content-bg","loop-entry"],"acf":[],"brands":[{"id":36,"name":"Schleich","slug":"schleich"}],"locations":[],"_links":{"self":[{"href":"https:\/\/web-pyme.cl\/mandalas\/wp-json\/wp\/v2\/product\/356","targetHints":{"allow":["GET"]}}],"collection":[{"href":"https:\/\/web-pyme.cl\/mandalas\/wp-json\/wp\/v2\/product"}],"about":[{"href":"https:\/\/web-pyme.cl\/mandalas\/wp-json\/wp\/v2\/types\/product"}],"replies":[{"embeddable":true,"href":"https:\/\/web-pyme.cl\/mandalas\/wp-json\/wp\/v2\/comments?post=356"}],"wp:featuredmedia":[{"embeddable":true,"href":"https:\/\/web-pyme.cl\/mandalas\/wp-json\/wp\/v2\/media\/380"}],"wp:attachment":[{"href":"https:\/\/web-pyme.cl\/mandalas\/wp-json\/wp\/v2\/media?parent=356"}],"wp:term":[{"taxonomy":"location","embeddable":true,"href":"https:\/\/web-pyme.cl\/mandalas\/wp-json\/wp\/v2\/location?post=356"},{"taxonomy":"product_cat","embeddable":true,"href":"https:\/\/web-pyme.cl\/mandalas\/wp-json\/wp\/v2\/product_cat?post=356"},{"taxonomy":"product_tag","embeddable":true,"href":"https:\/\/web-pyme.cl\/mandalas\/wp-json\/wp\/v2\/product_tag?post=356"}],"curies":[{"name":"wp","href":"https:\/\/api.w.org\/{rel}","templated":true}]}}