{"id":328,"date":"2021-11-24T15:00:06","date_gmt":"2021-11-24T18:00:06","guid":{"rendered":"https:\/\/web-pyme.cl\/mandalas\/?post_type=product&#038;p=328"},"modified":"2024-01-09T10:09:09","modified_gmt":"2024-01-09T13:09:09","slug":"black-t-rex","status":"publish","type":"product","link":"https:\/\/web-pyme.cl\/mandalas\/producto\/black-t-rex\/","title":{"rendered":"Black T-Rex"},"content":{"rendered":"<p>\u00a1El Black T-Rex vuelve a ser el n\u00famero uno en la carrera de velocidad contra animales de su especie de Schleich\u00ae Dinosaurs! Los dem\u00e1s simplemente no pueden ganarle, sobre todo porque al atardecer les cuesta mucho verlo. Eso le gusta, claro. Pero lo que tambi\u00e9n le gusta es quitarte tu \u00faltimo bocado de comida. Para eso le viene muy bien su velocidad. Y le gusta hacerlo sobre todo de noche. As\u00ed que es mejor que lo vigiles, aunque no te resultar\u00e1 nada f\u00e1cil. \u00a1Menos mal que a veces le delata su bufido de felicidad por haberlo conseguido de nuevo!<br \/>\nDato divertido<\/p>\n<p>Una compra obligada para cualquier coleccionista. Solo disponible en una cantidad limitada.<\/p>\n<p>Las figuras de Schleich\u00ae est\u00e1n modeladas al detalle y son juguetes con un gran valor educativo.<br \/>\nEl art\u00edculo pertenece al universo tem\u00e1tico DINOSAURS y es apto para ni\u00f1os de entre 4 y 10 a\u00f1os<\/p>\n<p><strong>Advertencia! Las piezas peque\u00f1as pueden ser ingeridas. Peligro de asfixia.<\/strong><\/p>\n","protected":false},"excerpt":{"rendered":"<p>\u00a1Y zas! \u00bfNo hab\u00eda algo ah\u00ed? \u00bfUna sombra negra? \u00bfGrande y peligrosa? No se puede saber con seguridad. El Black T-Rex de Schleich\u00ae Dinosaurs es el n\u00famero uno en las carreras de velocidad contra animales de su especie. Y el m\u00e1s r\u00e1pido en arrebatarte el \u00faltimo bocado de tu comida favorita. Y, como es negro, cuando mejor lo hace es por la noche.<\/p>\n","protected":false},"featured_media":330,"comment_status":"open","ping_status":"closed","template":"","meta":{"_kad_post_transparent":"default","_kad_post_title":"","_kad_post_layout":"default","_kad_post_sidebar_id":"","_kad_post_content_style":"default","_kad_post_vertical_padding":"default","_kad_post_feature":"","_kad_post_feature_position":"","_kad_post_header":false,"_kad_post_footer":false},"location":[],"product_cat":[40],"product_tag":[],"class_list":["post-328","product","type-product","status-publish","has-post-thumbnail","hentry","pwb-brand-schleich","product_cat-dinosaurios","pa_edad-recomendada-de-4-a-12-anos","entry","content-bg","loop-entry"],"acf":[],"brands":[{"id":36,"name":"Schleich","slug":"schleich"}],"locations":[],"_links":{"self":[{"href":"https:\/\/web-pyme.cl\/mandalas\/wp-json\/wp\/v2\/product\/328","targetHints":{"allow":["GET"]}}],"collection":[{"href":"https:\/\/web-pyme.cl\/mandalas\/wp-json\/wp\/v2\/product"}],"about":[{"href":"https:\/\/web-pyme.cl\/mandalas\/wp-json\/wp\/v2\/types\/product"}],"replies":[{"embeddable":true,"href":"https:\/\/web-pyme.cl\/mandalas\/wp-json\/wp\/v2\/comments?post=328"}],"wp:featuredmedia":[{"embeddable":true,"href":"https:\/\/web-pyme.cl\/mandalas\/wp-json\/wp\/v2\/media\/330"}],"wp:attachment":[{"href":"https:\/\/web-pyme.cl\/mandalas\/wp-json\/wp\/v2\/media?parent=328"}],"wp:term":[{"taxonomy":"location","embeddable":true,"href":"https:\/\/web-pyme.cl\/mandalas\/wp-json\/wp\/v2\/location?post=328"},{"taxonomy":"product_cat","embeddable":true,"href":"https:\/\/web-pyme.cl\/mandalas\/wp-json\/wp\/v2\/product_cat?post=328"},{"taxonomy":"product_tag","embeddable":true,"href":"https:\/\/web-pyme.cl\/mandalas\/wp-json\/wp\/v2\/product_tag?post=328"}],"curies":[{"name":"wp","href":"https:\/\/api.w.org\/{rel}","templated":true}]}}