{"id":310,"date":"2021-11-24T14:52:49","date_gmt":"2021-11-24T17:52:49","guid":{"rendered":"https:\/\/web-pyme.cl\/mandalas\/?post_type=product&#038;p=310"},"modified":"2022-08-10T18:00:44","modified_gmt":"2022-08-10T22:00:44","slug":"helicoptero-de-salvamento-de-animales","status":"publish","type":"product","link":"https:\/\/web-pyme.cl\/mandalas\/producto\/helicoptero-de-salvamento-de-animales\/","title":{"rendered":"Helic\u00f3ptero de salvamento de animales"},"content":{"rendered":"<p>En el nuevo helic\u00f3ptero de salvamento de animales de Schleich\u00ae Wild Life, el guarda podr\u00e1 salvar a la cr\u00eda de hipop\u00f3tamo de las garras del le\u00f3n. Con la ayuda de un torno de cable, baja la red de transporte desde el helic\u00f3ptero hasta un profundo desfiladero. En el \u00faltimo segundo, el joven hipop\u00f3tamo accede a la red y el guarda lo salva del le\u00f3n. \u00a1El rescate ha sido un \u00e9xito!<br \/>\nDato divertido<\/p>\n<p>El guarda lleva al hipop\u00f3tamo hasta el cami\u00f3n, donde Tom y Ted comprueban que se encuentra bien.<br \/>\nManual de construcci\u00f3n<br \/>\nDescargar instrucciones de construcci\u00f3n (25.2 MB)<\/p>\n<h3>Contenido<\/h3>\n<p>1 le\u00f3n, 1 cr\u00eda de hipop\u00f3tamo, 1 ranger, 1 helic\u00f3ptero, 1 casco, 1 cabrestante, 1 red, 1 pala<\/p>\n<p><strong>Advertencia! Las piezas peque\u00f1as pueden ser ingeridas. Peligro de asfixia.<\/strong><\/p>\n","protected":false},"excerpt":{"rendered":"<p>Una cr\u00eda de hipop\u00f3tamo se encuentra en peligro. El le\u00f3n se acerca a pasos agigantados, pero por suerte el guarda sobrevuela la zona con su helic\u00f3ptero y podr\u00e1 ayudarla.<\/p>\n","protected":false},"featured_media":321,"comment_status":"open","ping_status":"closed","template":"","meta":{"_kad_post_transparent":"default","_kad_post_title":"","_kad_post_layout":"default","_kad_post_sidebar_id":"","_kad_post_content_style":"default","_kad_post_vertical_padding":"default","_kad_post_feature":"","_kad_post_feature_position":"","_kad_post_header":false,"_kad_post_footer":false},"location":[],"product_cat":[38],"product_tag":[],"class_list":["post-310","product","type-product","status-publish","has-post-thumbnail","hentry","pwb-brand-schleich","product_cat-vida-salvaje","pa_edad-recomendada-de-3-a-8-anos","entry","content-bg","loop-entry"],"acf":[],"brands":[{"id":36,"name":"Schleich","slug":"schleich"}],"locations":[],"_links":{"self":[{"href":"https:\/\/web-pyme.cl\/mandalas\/wp-json\/wp\/v2\/product\/310","targetHints":{"allow":["GET"]}}],"collection":[{"href":"https:\/\/web-pyme.cl\/mandalas\/wp-json\/wp\/v2\/product"}],"about":[{"href":"https:\/\/web-pyme.cl\/mandalas\/wp-json\/wp\/v2\/types\/product"}],"replies":[{"embeddable":true,"href":"https:\/\/web-pyme.cl\/mandalas\/wp-json\/wp\/v2\/comments?post=310"}],"wp:featuredmedia":[{"embeddable":true,"href":"https:\/\/web-pyme.cl\/mandalas\/wp-json\/wp\/v2\/media\/321"}],"wp:attachment":[{"href":"https:\/\/web-pyme.cl\/mandalas\/wp-json\/wp\/v2\/media?parent=310"}],"wp:term":[{"taxonomy":"location","embeddable":true,"href":"https:\/\/web-pyme.cl\/mandalas\/wp-json\/wp\/v2\/location?post=310"},{"taxonomy":"product_cat","embeddable":true,"href":"https:\/\/web-pyme.cl\/mandalas\/wp-json\/wp\/v2\/product_cat?post=310"},{"taxonomy":"product_tag","embeddable":true,"href":"https:\/\/web-pyme.cl\/mandalas\/wp-json\/wp\/v2\/product_tag?post=310"}],"curies":[{"name":"wp","href":"https:\/\/api.w.org\/{rel}","templated":true}]}}