{"id":221,"date":"2021-11-23T13:37:03","date_gmt":"2021-11-23T16:37:03","guid":{"rendered":"https:\/\/web-pyme.cl\/mandalas\/?post_type=product&#038;p=221"},"modified":"2022-05-16T13:38:12","modified_gmt":"2022-05-16T17:38:12","slug":"diversion-con-una-nuez","status":"publish","type":"product","link":"https:\/\/web-pyme.cl\/mandalas\/producto\/diversion-con-una-nuez\/","title":{"rendered":"Diversi\u00f3n con una nuez"},"content":{"rendered":"<div class=\"product-tab-content\">\n<div class=\"product-tab-content-inner\">\n<div class=\"product-details\">\n<p>Las figuras de Schleich\u00ae est\u00e1n modeladas al detalle y son juguetes con un gran valor educativo.<br \/>\nEl art\u00edculo pertenece al universo tem\u00e1tico WILD LIFE y es apto para ni\u00f1os de entre 3 y 8 a\u00f1os<br \/>\nEl set consta de 3 animales y fant\u00e1sticos accesorios.<\/p>\n<p>M\u00e1s informaci\u00f3n<br \/>\nSchleich y Nat Geo Kids. Proteger los animales y la naturaleza. Schleich ha firmado un acuerdo de varios a\u00f1os con National Geographic Kids para que los ni\u00f1os se entusiasmen con los animales y la conservaci\u00f3n de la naturaleza a trav\u00e9s del juego. M\u00e1s informaci\u00f3n.<br \/>\nContenido<\/p>\n<p>1x mapache, 1x mapache sentado, 1x mofeta, 1x barril, 1x nuez<\/p>\n<p>Advertencia! Contiene piezas peque\u00f1as y bolitas que pueden ser ingeridas. Peligro de asfixia. Conserve las indicaciones.<\/p>\n<\/div>\n<\/div>\n<\/div>\n","protected":false},"excerpt":{"rendered":"<p>Empieza la gran \u00abDiversi\u00f3n con una nuez\u00bb de Schleich\u00ae WILD LIFE. Dos atrevidos mapaches y una descarada mofeta le han echado el ojo a una nuez. \u00bfQui\u00e9n se quedar\u00e1 con ella?<\/p>\n","protected":false},"featured_media":235,"comment_status":"open","ping_status":"closed","template":"","meta":{"_kad_post_transparent":"default","_kad_post_title":"","_kad_post_layout":"default","_kad_post_sidebar_id":"","_kad_post_content_style":"default","_kad_post_vertical_padding":"default","_kad_post_feature":"","_kad_post_feature_position":"","_kad_post_header":false,"_kad_post_footer":false},"location":[],"product_cat":[38],"product_tag":[],"class_list":["post-221","product","type-product","status-publish","has-post-thumbnail","hentry","pwb-brand-schleich","product_cat-vida-salvaje","pa_edad-recomendada-de-3-a-8-anos","entry","content-bg","loop-entry"],"acf":[],"brands":[{"id":36,"name":"Schleich","slug":"schleich"}],"locations":[],"_links":{"self":[{"href":"https:\/\/web-pyme.cl\/mandalas\/wp-json\/wp\/v2\/product\/221","targetHints":{"allow":["GET"]}}],"collection":[{"href":"https:\/\/web-pyme.cl\/mandalas\/wp-json\/wp\/v2\/product"}],"about":[{"href":"https:\/\/web-pyme.cl\/mandalas\/wp-json\/wp\/v2\/types\/product"}],"replies":[{"embeddable":true,"href":"https:\/\/web-pyme.cl\/mandalas\/wp-json\/wp\/v2\/comments?post=221"}],"wp:featuredmedia":[{"embeddable":true,"href":"https:\/\/web-pyme.cl\/mandalas\/wp-json\/wp\/v2\/media\/235"}],"wp:attachment":[{"href":"https:\/\/web-pyme.cl\/mandalas\/wp-json\/wp\/v2\/media?parent=221"}],"wp:term":[{"taxonomy":"location","embeddable":true,"href":"https:\/\/web-pyme.cl\/mandalas\/wp-json\/wp\/v2\/location?post=221"},{"taxonomy":"product_cat","embeddable":true,"href":"https:\/\/web-pyme.cl\/mandalas\/wp-json\/wp\/v2\/product_cat?post=221"},{"taxonomy":"product_tag","embeddable":true,"href":"https:\/\/web-pyme.cl\/mandalas\/wp-json\/wp\/v2\/product_tag?post=221"}],"curies":[{"name":"wp","href":"https:\/\/api.w.org\/{rel}","templated":true}]}}